) - (-75)/(-10). Let b = w + 11. Suppose -7*n + 3*n + 2*q + 144 = 0, 4*n + 4*q = 144. What is the greatest common factor of b and n?
4
Let o(u) = -7*u - 7. Suppose 5*j - 435 = 5*s, 4*j - 3*s - 239 = 105. Let i = j + -88. Let k be o(i). What is the highest common divisor of k and 112?
28
Suppose -269 = -s - 2*k + 795, -4244 = -4*s + 4*k. Let i = -447 + s. Calculate the highest common divisor of i and 15.
15
Let u(o) = 17*o - 226. Let c(j) = -19*j + 227. Let r(p) = -6*c(p) - 7*u(p). Let v be r(34). What is the highest common factor of 30 and v?
10
Suppose 140*l - 9350 = 106*l. Let n be 3 - 2 - (-75 + 1). Calculate the highest common factor of n and l.
25
Suppose 2*a = -5*s - a + 167, 31 = s + 3*a. Suppose 9*g - 9 = 6*g, -3*g + s = 5*x. Calculate the highest common divisor of x and 265.
5
Let q = 37 + -22. Let t = -16101 - -16141. What is the greatest common divisor of t and q?
5
Let s = 16458 - 16224. What is the greatest common factor of s and 612?
18
Let a be 8/144*-3 - 5/6. Let g be (a + (-46)/(-4))/(14/84). Let x(f) = f + 8. Let v be x(-5). What is the greatest common factor of g and v?
3
Let r(h) = h**3 + 6*h**2 - 68*h - 374. Let l be r(-6). Calculate the greatest common factor of 6086 and l.
34
Suppose -4*s - 9*s = -132 - 102. What is the greatest common factor of s and 2097?
9
Let o = 55100 - 33356. Calculate the greatest common factor of 48 and o.
48
Let u(v) = -v**3 - 11*v**2 + 12*v + 2. Let o be u(-12). Suppose -3*x + 8*x = -2*i + o, -3*i = -4*x - 26. What is the greatest common factor of 24 and i?
6
Suppose 4*z + w - 1313 = -445, -3*w = 5*z - 1085. Let j be -1 + z + (5 - 1). Suppose -20 = -l + 2. Calculate the greatest common factor of l and j.
22
Suppose 0 = -6*r + 10*r - 12. Suppose 2*u - 54 = -4*k, 0 = -0*k + 2*k - 2*u - 18. Let g be 36/(-20)*(k + 3)/(-3). What is the greatest common factor of r and g?
3
Let g(a) = -a**3 + 35*a**2 + 65*a - 19. Let z be g(36). What is the highest common divisor of 50 and z?
25
Let m be 43/((-645)/(-250920)) - 16/(-2). Calculate the highest common factor of m and 64.
32
Let x be (57/(-2))/((-2)/12). Suppose d - 2*p - 31 = 0, 15516*d + 3*p - 12 = 15511*d. What is the greatest common factor of d and x?
9
Let l = -42 - -94. Let h be 1*(l + -5 + -3). Calculate the greatest common divisor of h and 44.
44
Suppose -2*y + 10*y - 24 = 0. Let o be (-7 + (-136)/(-16))/(y/188). What is the greatest common factor of 141 and o?
47
Let k(p) = -3*p**3 - 23*p**2 + 3*p - 22. Let r be k(-8). Let n be 5/45 - (-934)/r. Calculate the greatest common divisor of 156 and n.
52
Let g = -681 - -751. Calculate the highest common divisor of 189 and g.
7
Let j(c) = -c**3 - 27*c**2 + c + 31. Let w be j(-27). Suppose w*g + 65 = 77. Suppose g*n + 18 - 42 = 0. Calculate the highest common factor of n and 12.
4
Let g be -1 + 8 - ((-4)/14 + 77096/(-56)). Calculate the highest common factor of g and 8.
8
Let x = 474 - 350. Let r(d) = 33*d**2 - d - 1. Let b be r(1). Calculate the highest common factor of x and b.
31
Let d(s) = 15*s**2 - 54*s - 76. Let x be d(-8). What is the greatest common factor of x and 16?
4
Let n(c) = -c**3 + 31*c**2 - 5*c + 14. Let b be n(25). Let x = b + -2427. What is the greatest common divisor of 12 and x?
12
Let m = 46 + -28. Suppose 67*s - 19009 + 316 = 0. What is the highest common factor of s and m?
9
Let y(p) = -5*p - 19. Let a = -33 - -28. Let s be y(a). Suppose -9*g + 12 = -s. Calculate the greatest common divisor of g and 2.
2
Suppose -2163 = -u - 20*u. Let p = -74 + u. What is the highest common factor of 261 and p?
29
Let j(x) = 94*x - 1082. Let d be j(14). Calculate the highest common factor of 1134 and d.
18
Let i(w) = 13*w**2 - 137*w - 694. Let x be i(-5). Calculate the highest common divisor of x and 869.
79
Suppose 0 = 10*i - 13*i - 258. Let g = 358 + i. Calculate the highest common factor of 17 and g.
17
Let h(u) = -12*u + 93. Let m be h(7). Let x(d) = -d**2 - 9*d - 9. Let a be x(-6). Let r = 10 - a. What is the highest common divisor of m and r?
1
Let j be (-19)/6*-22 + 6/(-9). Let p = 205 - j. What is the greatest common factor of 34 and p?
34
Let a(r) = 22*r**2 + 12*r + 20. Suppose -49 + 145 = 2*s + 4*o, 5*o - 5 = 0. Let l = -48 + s. Let t be a(l). Calculate the greatest common factor of t and 14.
14
Let t be (4 + 48/(-14))/(10068/(-840) - -12). What is the highest common divisor of 284 and t?
4
Suppose -239755 - 58565 = -110*r. Calculate the highest common factor of 339 and r.
339
Suppose -b + 83 = 2*l, -4*b - 2*l + 124 + 226 = 0. What is the highest common divisor of 7921 and b?
89
Suppose -16*h = 19*h - 136*h + 250480. Calculate the greatest common divisor of h and 1085.
155
Suppose -28*v - 8*v = -60*v + 528. Calculate the greatest common divisor of v and 814.
22
Suppose -7 = -i - 1. Suppose 486*q - 10*q - 4042 = -710. Calculate the greatest common factor of q and i.
1
Let x(w) = -w**2 - 6*w - 4. Let u be x(-4). Let l(z) = 2*z**2 + 0*z**2 + 4*z - 3*z - u - 5*z. Let k be l(-3). Calculate the highest common divisor of k and 78.
26
Let i = -120 - -127. Suppose -2*g - 25 = -i*g. Suppose -g - 40 = -3*h - 3*y, h + 2*y - 10 = 0. What is the highest common divisor of 140 and h?
20
Suppose -v + 14 + 31 = 0. Let t(r) = 92 - 26 + 13*r - 13*r - 3*r. Let a be t(19). What is the greatest common divisor of a and v?
9
Let q be (-1534)/(-156) + 2/12. Suppose 140 = q*p - 120. Calculate the greatest common factor of p and 10.
2
Suppose -5*i = z - 37, -z - 2*i = -15 - 7. Let y be 8/(-18) - (-1628)/666. Suppose -z - 14 = -y*g. What is the greatest common factor of g and 65?
13
Let z be (153270/520)/((-3)/(-84)). Calculate the highest common factor of z and 63.
63
Let k = 197 + -192. Let q be (-13 + (-17)/(-5))/((-2)/k). Let o(r) = 59*r**2 + 1. Let n be o(1). What is the highest common divisor of q and n?
12
Suppose 4*r - 7 = 4*g + 1, -5*r = 2*g - 31. Suppose -7*q - g*q = -560. Calculate the highest common factor of 42 and q.
14
Let v(u) = u**3 + u**2 + u + 76. Let c be v(0). Let x = -7892 + 7968. What is the highest common factor of c and x?
76
Suppose 5*r = 2*u + 19, -2*u = r - 7 - 4. Suppose 0 = 3*m + 3*n - 51 - 15, m + r*n = 14. What is the greatest common divisor of 72 and m?
24
Let n(t) = -5*t - 20. Let a be n(-8). Let o be (-42)/(-9)*-2*330/(-14). Calculate the highest common factor of a and o.
20
Let q = -2913 + 3354. What is the highest common divisor of 3 and q?
3
Let f be 21/(-6)*((-14760)/70)/9. Calculate the greatest common factor of 28454 and f.
82
Suppose 3*r + 44 = 56. Suppose -32 = -12*p + r. Calculate the highest common factor of 93 and p.
3
Let g be ((-12)/42 - (-7 + (-27680)/56)) + -1. What is the highest common factor of g and 2125?
125
Let u(z) = 1412*z + 161. Let d be u(1). What is the highest common divisor of 242 and d?
121
Suppose 40*n - 104960 = -n. What is the highest common factor of 5 and n?
5
Suppose 33*k = 32*k + 16. Suppose 4*x = -4*g + 165 + 31, 0 = -x + 5. Calculate the greatest common factor of g and k.
4
Let o be -8 + -18*20/(-15). Suppose 15*u = 11*u + 8. Suppose -u*g - 333 = -3*f - 3*g, 4*f = -g + 445. What is the highest common factor of o and f?
16
Let b(x) = -x - 3*x + 61 - 71. Let d = -46 + 39. Let a be b(d). What is the highest common factor of a and 12?
6
Let x be (42/49)/((-4 - -5)/7). Let p be ((-4)/22 + 1625/286)*x. Calculate the highest common factor of p and 891.
33
Let x(j) = 63*j - 143. Let a(l) = 4*l. Let o(g) = -2*a(g) + x(g). Let c be o(6). Calculate the highest common divisor of c and 22.
11
Suppose -14*n - 3462 = 402. Let j = n + 284. Calculate the highest common factor of j and 10.
2
Let o = -2122 + 5224. Calculate the highest common divisor of 198 and o.
66
Let z(q) = 12*q - 72. Let c be z(6). Let j(l) = l**2 + 10*l + 340. Let f be j(c). Calculate the highest common divisor of f and 85.
85
Let b = 997 + 379. Calculate the highest common factor of b and 1312.
32
Suppose -5*d - 3*n = -285, 0 = 19*d - 14*d - 6*n - 330. What is the greatest common factor of d and 1590?
30
Let w(p) = 3*p**3 - 6*p**2 + 22*p - 7. Let t be w(5). Suppose 0 = t*m - 324*m - 4. Suppose 10 + 0 = 5*o. What is the highest common divisor of o and m?
1
Let q = -3 - -4. Let s = 238758 - 238694. Calculate the highest common divisor of s and q.
1
Let w be (-4)/(-22) - 14820/(-165). Su